s the hundreds digit of p(41)?
5
Let d = 51703 - 35458. What is the hundreds digit of d?
2
Let n(m) = 8584*m**3 - 2*m**2 + 5*m. What is the tens digit of n(1)?
8
Suppose 3*q - 492 = 3636. Let b be ((q/12)/(-4))/((-1)/(-30)). What is the units digit of (b/5)/(0 - 2)?
6
Let b be (-420)/(-14)*(-6)/(-9). Suppose 4*x = b, 5*n - 87 = 4*n + 4*x. What is the hundreds digit of n?
1
Let t(w) = 4*w**2 + 26*w + 21. Let s be t(-18). Let n = s + -444. Let i = n - 233. What is the units digit of i?
2
Suppose p - 4*p = -5*r + 15734, -p = 2*r - 6298. Suppose 14*s + 628 = r. What is the hundreds digit of s?
1
Let j(q) = q**3 - q + 123. Let c = 73 + -73. Suppose c*r + 6*r = r. What is the hundreds digit of j(r)?
1
Let p(l) = 9*l + 1 - 7*l**3 + 4*l**2 - 11*l + 3*l**3 - 10*l**2. What is the hundreds digit of p(-4)?
1
Let n = -9405 - -9399. Let g(d) be the third derivative of -7*d**4/6 + 2*d**3/3 + d**2. What is the units digit of g(n)?
2
Suppose 36*y = 343125 + 1017891. What is the hundreds digit of y?
8
Let s = 10477 - 6981. What is the units digit of s?
6
Suppose -3*o - z = -31, -5*o - 4*z - 32 = -72. Let i(s) = -2*s. Let x be i(-1). Suppose -5*b + x*k = -402, 5*k - 2*k = o. What is the tens digit of b?
8
Let u = 21 + -11. Let t(f) = -f**2 + 8*f + 27. Let s be t(u). Suppose -55 = -2*o + 2*d - s*d, 5*d = 5. What is the units digit of o?
5
Let y(b) = 3. Let c(o) = 16*o + 101. Let m(r) = c(r) + 5*y(r). What is the tens digit of m(9)?
6
Let b be 3/(-1 - -4)*8. Suppose -b*s + 171 + 5 = 0. What is the tens digit of s?
2
Suppose 111*a + 3*i - 38053 = 106*a, -4*a - 5*i + 30432 = 0. What is the units digit of a?
3
Let i be (-2)/(-16) + (-2)/16. Suppose 0 = 4*y - i*s - 3*s + 287, 0 = -4*y + s - 285. Let f = y + 111. What is the units digit of f?
0
Suppose 0 = 2*v - 212 - 30. Let u = v - -86. What is the hundreds digit of u?
2
Let g(t) = t**3 + 49*t**2 - 84*t - 463. What is the thousands digit of g(-49)?
3
Let n(k) = 1070*k + 651. What is the tens digit of n(4)?
3
Suppose -3*a = -2*a + 4*d - 300, 2*d = 0. Suppose 4*k - 1516 = a. What is the units digit of k?
4
Let b(r) be the second derivative of 23/6*r**3 - 5/6*r**4 + 11/2*r**2 + 0 - 1/20*r**5 - 22*r. What is the units digit of b(-12)?
3
Suppose 4*k = -2*v + 256, 4*k - 53 = 3*k + 5*v. Let g = 9 + k. What is the units digit of g?
2
Let a = -45493 - -84987. What is the units digit of a?
4
What is the tens digit of 1391 + (-17 + 18 - (0 - 1))?
9
Suppose 0 = -2*w + b + 48, w = 4*w + 4*b - 61. Let c = w + 47. Suppose c = -8*j + 10*j. What is the units digit of j?
5
What is the hundreds digit of (73 - 98)/(1/(-339))?
4
Let z(h) = 2*h + 61. Let n be z(-16). Let u(y) = -y**2 + 33*y + 47. What is the units digit of u(n)?
3
Let w(q) = 44*q**2 + 11*q + 37. Let h be w(7). Suppose -4*k + h = -1138. What is the units digit of k?
2
Let g be 8/(-100) - 325812/(-150). Suppose 1833 + g = 3*d. What is the units digit of d?
5
Let v(z) = 1314*z**2 + 117*z - 482. What is the thousands digit of v(5)?
2
Suppose 2413 = 5*b + 14*b. Suppose 2*v - b = 299. What is the units digit of v?
3
Let s = -3 + 3. Suppose 0 = 846*b - 850*b + 32. Suppose s = b*i - 228 - 324. What is the tens digit of i?
6
Let l = 58 - 56. Suppose 0 = 2*y - l*o - 26, 2*y = 7*y + 4*o - 110. Suppose y*h = 6*h + 804. What is the units digit of h?
7
Suppose 171 = -5*t + 616. Suppose -3*d + 4*p = -548, t = d - 3*p - 97. What is the hundreds digit of d?
1
Suppose -2*i + 30*u - 25*u = -36577, -5*i - 5*u = -91530. What is the thousands digit of i?
8
Suppose 3*d - 2064 = d. Suppose 0*w = -2*w - 4*i + d, 4*i = -w + 514. What is the hundreds digit of w?
5
What is the tens digit of (-492)/8*(10 + (-4464)/27)?
5
Suppose 15*k - 2*x = 16*k - 3852, x = 9. What is the thousands digit of k?
3
Let a = 131 + -65. Let m be (-4 - a/(-12))*40/1. Suppose m = -7*z + 1789. What is the tens digit of z?
4
Let c(r) = -738*r**3 - 3*r**2 - 70*r - 164. What is the thousands digit of c(-3)?
9
Let n = 144 - 145. What is the tens digit of (n/3 - 0)/(19/(-36309))?
3
Suppose -3*k - 5*q + 92 = k, 3*q - 16 = -k. Let f be 400/k - (-8)/(-28). What is the units digit of 4/f - ((-2400)/28 - 0)?
6
Let t be (-12)/((-8)/2) - 147. Let x be t + (8/(-2) - -3). What is the units digit of (1 - 24/20)*x?
9
Suppose 4*l = 3*l - 2, -5*i + 5*l = -785. Let g = i + 18. What is the tens digit of g?
7
Let w(b) = -8*b**3 - 6*b**2 + 31*b + 86. What is the hundreds digit of w(-6)?
4
Suppose 0 = 94*x - 119*x + 259900. What is the units digit of x?
6
Let w be 4/((-1)/((-5)/(-10))). Let n be 2 - (-66)/(-9) - w/6. Let h(l) = -l**3 - 3*l**2 + 9*l + 1. What is the units digit of h(n)?
6
Suppose 146*q + 1947158 = 69*q + 115*q. What is the thousands digit of q?
1
Let r be 15/(-10)*3540/(-18). Suppose -1145 - r = -6*h. What is the tens digit of h?
4
Let k = 18987 - 10295. What is the hundreds digit of k?
6
Let g be 4 + -2 + 3 + 0. Suppose g*l = 3516 - 496. What is the hundreds digit of l?
6
Suppose -5*c + 0 = -5, -4*g + 2*c = 2466. Let r = -303 - g. What is the tens digit of r?
1
Suppose 25 = -2*z - 7. What is the tens digit of (4/5)/(z - 340569/(-21285))?
9
Let o = -1579 + 2223. Let t = o - -163. What is the tens digit of t?
0
Let q be 2 + -1 - (-3 - 20). Suppose 1535 = -19*v + q*v. What is the units digit of v?
7
Let y be (-16770)/45 + 2/(-6). Let z = y + 447. What is the tens digit of z?
7
Let p be ((-120)/6)/((-6)/(-5685)). What is the hundreds digit of p/(-70) - (-6)/21?
2
Let o(l) be the first derivative of -l**4/4 - l**3 - 11*l**2/2 + 2*l + 30. What is the units digit of o(-6)?
6
Suppose 0*h + 6*h = 24. Suppose a - h*v = -7*v - 16, -a - 5*v - 26 = 0. What is the units digit of (a - 18)*(-26 + 22)?
6
Suppose 4*z = -k + 114769, -4*z + 4*k + 6583 = -108181. What is the ten thousands digit of z?
2
Let o(w) = 724*w - 74. What is the hundreds digit of o(5)?
5
What is the thousands digit of ((-24)/16)/(9/(-52566))?
8
Let l be 52/16 + -3 + (-261)/4. Let p = -71 - l. Let x(b) = 5*b**2 + 10*b + 26. What is the hundreds digit of x(p)?
1
Let h be 4/2 - (-3)/((-3)/(-14)). Suppose 0 = -h*o + 27*o - 4059. What is the tens digit of o?
6
Let c = 2819 + -867. Suppose 0 = -26*q + 28*q - c. What is the tens digit of q?
7
Let x = 13 - 5. Suppose -2*s = -2*m - 8, 4*m - s + x + 2 = 0. What is the units digit of (-34)/m*14/21*3?
4
Suppose 0 = -5*t + 4*t + 18. Suppose 7981 = -t*j + 23407. What is the hundreds digit of j?
8
Let h be -1 + 1 + 2*13. Let j(i) = -933*i + 21. Let s be j(0). Suppose 745 = -s*r + h*r. What is the hundreds digit of r?
1
Let c(p) = 2*p**2 + 5*p + 13. Suppose 0*w - 102 = -17*w. What is the hundreds digit of c(w)?
1
Let m be (-3)/5 - (-342)/95. What is the units digit of m - 4/3*(19 + -517)?
7
Suppose -4*g + 20 = 2*r + 2*r, 25 = -5*r + 5*g. Suppose r = -8*k - 9 + 4457. What is the tens digit of k?
5
Let o(j) = -j**3 - 6*j**2 - 3*j + 222. What is the tens digit of o(-21)?
0
Let m(f) = -f**3 + 9*f**2 + 12*f + 8. Let r be m(9). Let c = 41 - 48. Let n = c + r. What is the units digit of n?
9
Suppose 6*u - 3*u = -5*o + 1256, 1253 = 5*o + 4*u. Suppose 5*v + 2*z - 2338 - o = 0, 4*z = -3*v + 1563. What is the hundreds digit of v?
5
Suppose 0 = -2*y - 10, 0 = 97*f - 98*f + y + 26497. What is the hundreds digit of f?
4
Suppose -41*d = -46805 - 217351 - 668881. What is the hundreds digit of d?
7
Let y be 2 + -7*(130/35 + -4). What is the hundreds digit of 282/y*-6*(-4)/4?
4
Let m(f) = f**3 - 6*f**2 + f - 17. Let s be 4/((9 + -3)/3). Let p be (108/(-3))/(-4) - s. What is the tens digit of m(p)?
3
Suppose 16*z - 91 - 533 = 0. Let b = 1285 + z. What is the thousands digit of b?
1
Suppose 2*a - 3*s + 0*s - 894 = 0, 0 = 5*a - 2*s - 2224. Suppose a = -19*y + 23*y. What is the tens digit of y*1*4/((-16)/(-4))?
1
Let s = -142 - -148. What is the hundreds digit of ((-1700)/s)/((-114)/(-18) + -7)?
4
Let p = 116 + -5. Suppose k = 2*l - 355, -l + 2*k + 65 = -p. What is the tens digit of l?
7
Suppose -3*o = -3, 5*m = -o + 15813 + 32188. What is the hundreds digit of m?
6
Suppose h + 4*p = 15477, 4*p - 12073 = -4*h + 49931. What is the units digit of h?
9
Suppose -3*d = 3*n + 537, -n + 15 - 193 = 2*d. Let p be (-1*(n - -1))/(2/6). Suppose 3*r = -0*r - 4*v + p, -4*r + v = -716. What is the tens digit of r?
7
Let u(x) = 6*x**2 - 31*x + 9. Let q(w) = -17*w**2 + 94*w -